{"id":20,"date":"2019-02-05T20:46:58","date_gmt":"2019-02-05T20:46:58","guid":{"rendered":"http:\/\/centrocuatrovias.com.mx\/?page_id=20"},"modified":"2023-06-22T02:27:48","modified_gmt":"2023-06-22T02:27:48","slug":"bienvenidos","status":"publish","type":"page","link":"https:\/\/centrocuatrovias.com.mx\/","title":{"rendered":"Bienvenidos"},"content":{"rendered":"<h2 style=\"text-align: center;\">Centro Cuatro V\u00edas<\/h2>\n<p style=\"text-align: center;\">Te damos la m\u00e1s cordial bienvenida a Centro Cuatro V\u00edas en Irapuato, Gto., donde encontrar\u00e1s productos y servicios acordes a tu estilo de vida.<\/p>\n<table border=\"0\" width=\"100%\">\n<tbody>\n<tr>\n<td align=\"center\"><a href=\"http:\/\/centrocuatrovias.com.mx\/index.php\/suzuki-palmas\/\"><img fetchpriority=\"high\" decoding=\"async\" class=\"alignnone\" src=\"http:\/\/centrocuatrovias.com.mx\/wp-content\/uploads\/2022\/01\/LogosCuatroVias-01.png\" alt=\"\" width=\"250\" height=\"250\" \/><\/a><\/td>\n<td align=\"center\"><a href=\"http:\/\/centrocuatrovias.com.mx\/index.php\/wild-rooster\/\"><img decoding=\"async\" class=\"alignnone\" src=\"http:\/\/centrocuatrovias.com.mx\/wp-content\/uploads\/2022\/01\/LogosCuatroVias-02.png\" alt=\"\" width=\"250\" height=\"250\" \/><\/a><\/td>\n<td align=\"center\"><a href=\"http:\/\/centrocuatrovias.com.mx\/index.php\/fundacion-calosa\/\"><img decoding=\"async\" class=\"alignnone\" src=\"http:\/\/centrocuatrovias.com.mx\/wp-content\/uploads\/2022\/01\/LogosCuatroVias-03.png\" alt=\"\" width=\"250\" height=\"250\" \/><\/a><\/td>\n<td align=\"center\"><a href=\"https:\/\/centrocuatrovias.com.mx\/index.php\/credicor\/\"><img loading=\"lazy\" decoding=\"async\" class=\"alignnone\" src=\"http:\/\/centrocuatrovias.com.mx\/wp-content\/uploads\/2022\/01\/LogosCuatroVias-04.png\" alt=\"\" width=\"250\" height=\"250\" \/><\/a><\/td>\n<\/tr>\n<tr>\n<td align=\"center\"><\/td>\n<td align=\"center\"><\/td>\n<td align=\"center\"><\/td>\n<td align=\"center\"><\/td>\n<\/tr>\n<tr>\n<td align=\"center\"><a href=\"https:\/\/centrocuatrovias.com.mx\/index.php\/itos-tintorerias\/\"><img loading=\"lazy\" decoding=\"async\" class=\"alignnone\" src=\"http:\/\/centrocuatrovias.com.mx\/wp-content\/uploads\/2022\/01\/LogosCuatroVias-05.png\" alt=\"\" width=\"250\" height=\"250\" \/><\/a><\/td>\n<td align=\"center\"><a href=\"http:\/\/centrocuatrovias.com.mx\/index.php\/farmacias-guadalajara\/\"><img loading=\"lazy\" decoding=\"async\" class=\"alignnone\" src=\"http:\/\/centrocuatrovias.com.mx\/wp-content\/uploads\/2022\/01\/LogosCuatroVias-06.png\" alt=\"\" width=\"250\" height=\"250\" \/><\/a><\/td>\n<td align=\"center\"><a href=\"http:\/\/centrocuatrovias.com.mx\/index.php\/dhl\/\"><img loading=\"lazy\" decoding=\"async\" class=\"alignnone\" src=\"http:\/\/centrocuatrovias.com.mx\/wp-content\/uploads\/2022\/01\/LogosCuatroVias-07.png\" alt=\"\" width=\"250\" height=\"252\" \/><\/a><\/td>\n<td align=\"center\"><a href=\"http:\/\/centrocuatrovias.com.mx\/index.php\/hestia\/\"><img loading=\"lazy\" decoding=\"async\" class=\"alignnone\" src=\"http:\/\/centrocuatrovias.com.mx\/wp-content\/uploads\/2022\/01\/LogosCuatroVias-08.png\" alt=\"\" width=\"252\" height=\"252\" \/><\/a><\/td>\n<\/tr>\n<tr>\n<td align=\"center\"><\/td>\n<td align=\"center\"><\/td>\n<td align=\"center\"><\/td>\n<td align=\"center\"><\/td>\n<\/tr>\n<tr>\n<td align=\"center\"><a href=\"http:\/\/centrocuatrovias.com.mx\/index.php\/interlomas\/\"><img loading=\"lazy\" decoding=\"async\" class=\"alignnone\" src=\"http:\/\/centrocuatrovias.com.mx\/wp-content\/uploads\/2022\/01\/LogosCuatroVias-09.png\" alt=\"\" width=\"250\" height=\"252\" \/><\/a><\/td>\n<td align=\"center\"><a href=\"http:\/\/centrocuatrovias.com.mx\/index.php\/monex\/\"><img loading=\"lazy\" decoding=\"async\" class=\"alignnone\" src=\"http:\/\/centrocuatrovias.com.mx\/wp-content\/uploads\/2022\/01\/LogosCuatroVias-10.png\" alt=\"\" width=\"252\" height=\"252\" \/><\/a><\/td>\n<td align=\"center\"><a href=\"http:\/\/centrocuatrovias.com.mx\/index.php\/mar-bella-salonspa\/\"><img loading=\"lazy\" decoding=\"async\" class=\"alignnone\" src=\"http:\/\/centrocuatrovias.com.mx\/wp-content\/uploads\/2022\/01\/LogosCuatroVias-11.png\" alt=\"\" width=\"252\" height=\"250\" \/><\/a><\/td>\n<td align=\"center\"><a href=\"https:\/\/centrocuatrovias.com.mx\/index.php\/5-11-csi-tactical\/\"><img loading=\"lazy\" decoding=\"async\" class=\"alignnone\" src=\"http:\/\/centrocuatrovias.com.mx\/wp-content\/uploads\/2022\/01\/LogosCuatroVias-12.png\" alt=\"\" width=\"251\" height=\"252\" \/><\/a><\/td>\n<\/tr>\n<tr>\n<td align=\"center\"><\/td>\n<td align=\"center\"><\/td>\n<td align=\"center\"><\/td>\n<td align=\"center\"><\/td>\n<\/tr>\n<tr>\n<td align=\"center\"><a href=\"http:\/\/centrocuatrovias.com.mx\/index.php\/seminka\/\"><img loading=\"lazy\" decoding=\"async\" class=\"alignnone wp-image-169\" src=\"http:\/\/centrocuatrovias.com.mx\/wp-content\/uploads\/2022\/08\/seminkalogo-300x300.png\" alt=\"\" width=\"252\" height=\"252\" srcset=\"https:\/\/centrocuatrovias.com.mx\/wp-content\/uploads\/2022\/08\/seminkalogo-300x300.png 300w, https:\/\/centrocuatrovias.com.mx\/wp-content\/uploads\/2022\/08\/seminkalogo-150x150.png 150w, https:\/\/centrocuatrovias.com.mx\/wp-content\/uploads\/2022\/08\/seminkalogo-360x360.png 360w, https:\/\/centrocuatrovias.com.mx\/wp-content\/uploads\/2022\/08\/seminkalogo.png 406w\" sizes=\"(max-width: 252px) 100vw, 252px\" \/><\/a><\/td>\n<td align=\"center\"><a href=\"http:\/\/centrocuatrovias.com.mx\/index.php\/loren-yoga-facial\/\"><img loading=\"lazy\" decoding=\"async\" class=\"alignnone wp-image-175\" src=\"http:\/\/centrocuatrovias.com.mx\/wp-content\/uploads\/2022\/08\/271827530_103331785580726_2908660939501808942_n-300x300.jpg\" alt=\"\" width=\"252\" height=\"252\" srcset=\"https:\/\/centrocuatrovias.com.mx\/wp-content\/uploads\/2022\/08\/271827530_103331785580726_2908660939501808942_n-300x300.jpg 300w, https:\/\/centrocuatrovias.com.mx\/wp-content\/uploads\/2022\/08\/271827530_103331785580726_2908660939501808942_n-150x150.jpg 150w, https:\/\/centrocuatrovias.com.mx\/wp-content\/uploads\/2022\/08\/271827530_103331785580726_2908660939501808942_n-768x768.jpg 768w, https:\/\/centrocuatrovias.com.mx\/wp-content\/uploads\/2022\/08\/271827530_103331785580726_2908660939501808942_n-720x720.jpg 720w, https:\/\/centrocuatrovias.com.mx\/wp-content\/uploads\/2022\/08\/271827530_103331785580726_2908660939501808942_n-360x360.jpg 360w, https:\/\/centrocuatrovias.com.mx\/wp-content\/uploads\/2022\/08\/271827530_103331785580726_2908660939501808942_n.jpg 960w\" sizes=\"(max-width: 252px) 100vw, 252px\" \/><\/a><\/td>\n<td align=\"center\"><\/td>\n<td align=\"center\"><\/td>\n<\/tr>\n<\/tbody>\n<\/table>\n<p style=\"text-align: center;\"><img loading=\"lazy\" decoding=\"async\" class=\"alignnone wp-image-149 size-large\" src=\"http:\/\/centrocuatrovias.com.mx\/wp-content\/uploads\/2021\/03\/28514528_1730017797055539_2033235931883769662_o-1024x604.jpg\" alt=\"\" width=\"1024\" height=\"604\" srcset=\"https:\/\/centrocuatrovias.com.mx\/wp-content\/uploads\/2021\/03\/28514528_1730017797055539_2033235931883769662_o-1024x604.jpg 1024w, https:\/\/centrocuatrovias.com.mx\/wp-content\/uploads\/2021\/03\/28514528_1730017797055539_2033235931883769662_o-300x177.jpg 300w, https:\/\/centrocuatrovias.com.mx\/wp-content\/uploads\/2021\/03\/28514528_1730017797055539_2033235931883769662_o-768x453.jpg 768w, https:\/\/centrocuatrovias.com.mx\/wp-content\/uploads\/2021\/03\/28514528_1730017797055539_2033235931883769662_o-1536x906.jpg 1536w, https:\/\/centrocuatrovias.com.mx\/wp-content\/uploads\/2021\/03\/28514528_1730017797055539_2033235931883769662_o-720x425.jpg 720w, https:\/\/centrocuatrovias.com.mx\/wp-content\/uploads\/2021\/03\/28514528_1730017797055539_2033235931883769662_o.jpg 2034w\" sizes=\"(max-width: 1024px) 100vw, 1024px\" \/><\/p>\n<h6 style=\"text-align: center;\">\u00a1Centro Cuatro V\u00edas un centro comercial con mucho estilo!<\/h6>\n<p>&nbsp;<\/p>\n","protected":false},"excerpt":{"rendered":"<p>Centro Cuatro V\u00edas Te damos la m\u00e1s cordial bienvenida a Centro Cuatro V\u00edas en Irapuato, Gto., donde encontrar\u00e1s productos y [&hellip;]<\/p>\n","protected":false},"author":1,"featured_media":0,"parent":0,"menu_order":0,"comment_status":"closed","ping_status":"closed","template":"","meta":[],"_links":{"self":[{"href":"https:\/\/centrocuatrovias.com.mx\/index.php\/wp-json\/wp\/v2\/pages\/20"}],"collection":[{"href":"https:\/\/centrocuatrovias.com.mx\/index.php\/wp-json\/wp\/v2\/pages"}],"about":[{"href":"https:\/\/centrocuatrovias.com.mx\/index.php\/wp-json\/wp\/v2\/types\/page"}],"author":[{"embeddable":true,"href":"https:\/\/centrocuatrovias.com.mx\/index.php\/wp-json\/wp\/v2\/users\/1"}],"replies":[{"embeddable":true,"href":"https:\/\/centrocuatrovias.com.mx\/index.php\/wp-json\/wp\/v2\/comments?post=20"}],"version-history":[{"count":25,"href":"https:\/\/centrocuatrovias.com.mx\/index.php\/wp-json\/wp\/v2\/pages\/20\/revisions"}],"predecessor-version":[{"id":196,"href":"https:\/\/centrocuatrovias.com.mx\/index.php\/wp-json\/wp\/v2\/pages\/20\/revisions\/196"}],"wp:attachment":[{"href":"https:\/\/centrocuatrovias.com.mx\/index.php\/wp-json\/wp\/v2\/media?parent=20"}],"curies":[{"name":"wp","href":"https:\/\/api.w.org\/{rel}","templated":true}]}}